
8
What is the greatest common divisor of 2450 and 196?
98
What is the greatest common factor of 1644 and 12?
12
What is the highest common factor of 45 and 240?
15
Calculate the highest common factor of 31 and 2077.
31
Calculate the highest common divisor of 7 and 7.
7
Calculate the highest common divisor of 15 and 4245.
15
Calculate the greatest common factor of 37 and 11618.
37
What is the highest common factor of 140 and 180?
20
What is the highest common divisor of 221 and 299?
13
Calculate the greatest common factor of 1860 and 868.
124
Calculate the highest common divisor of 100 and 80.
20
What is the greatest common factor of 39 and 16523?
13
What is the greatest common factor of 6 and 351?
3
What is the greatest common divisor of 4995 and 90?
45
What is the greatest common factor of 108 and 243?
27
What is the greatest common factor of 1020 and 84?
12
Calculate the greatest common divisor of 166 and 7138.
166
What is the highest common divisor of 2382 and 6?
6
Calculate the highest common divisor of 2109 and 111.
111
What is the greatest common divisor of 30 and 366?
6
Calculate the highest common factor of 606 and 66.
6
Calculate the highest common factor of 20 and 868.
4
What is the greatest common divisor of 38 and 1178?
38
What is the greatest common divisor of 56 and 182?
14
What is the highest common factor of 10754 and 38?
38
What is the greatest common divisor of 47 and 7003?
47
What is the greatest common divisor of 181 and 181?
181
What is the greatest common factor of 14 and 96838?
14
Calculate the greatest common factor of 48 and 1500.
12
What is the highest common divisor of 3186 and 9?
9
Calculate the highest common factor of 2 and 17.
1
Calculate the greatest common factor of 258 and 6.
6
Calculate the highest common factor of 417 and 27.
3
Calculate the highest common divisor of 5942 and 4.
2
What is the greatest common factor of 3261 and 3?
3
What is the highest common divisor of 1158 and 30?
6
What is the greatest common divisor of 10 and 43380?
10
Calculate the greatest common divisor of 39 and 3.
3
What is the greatest common factor of 352 and 44?
44
Calculate the highest common divisor of 6 and 9138.
6
What is the highest common divisor of 250 and 100?
50
Calculate the greatest common divisor of 20 and 740.
20
What is the greatest common factor of 20728 and 8?
8
What is the highest common factor of 265 and 901?
53
What is the highest common factor of 924 and 168?
84
Calculate the highest common divisor of 15936 and 288.
96
Calculate the greatest common factor of 56 and 232.
8
Calculate the greatest common factor of 93 and 36.
3
Calculate the highest common factor of 57 and 988.
19
Calculate the greatest common factor of 639 and 9.
9
What is the greatest common divisor of 13288 and 11?
11
Calculate the highest common divisor of 542 and 40379.
271
What is the highest common factor of 284 and 4?
4
What is the highest common factor of 15 and 16890?
15
Calculate the highest common divisor of 200 and 720.
40
Calculate the greatest common divisor of 11849 and 2601.
289
Calculate the highest common factor of 72 and 64.
8
What is the highest common factor of 20217 and 69?
69
Calculate the highest common factor of 9 and 18.
9
What is the greatest common divisor of 53 and 24857?
53
Calculate the greatest common factor of 190 and 285.
95
What is the greatest common factor of 9224 and 24?
8
What is the highest common divisor of 3810 and 30?
30
Calculate the greatest common divisor of 668 and 4.
4
Calculate the highest common factor of 129 and 301.
43
What is the greatest common factor of 5547 and 645?
129
What is the highest common divisor of 48 and 240?
48
Calculate the highest common divisor of 114 and 114.
114
What is the greatest common factor of 1476 and 72?
36
Calculate the highest common divisor of 243 and 108.
27
Calculate the highest common factor of 72 and 56.
8
Calculate the greatest common divisor of 582 and 1261.
97
What is the greatest common factor of 54 and 27?
27
Calculate the highest common divisor of 588 and 60.
12
What is the highest common factor of 1944 and 8?
8
Calculate the highest common divisor of 305 and 5.
5
Calculate the greatest common factor of 8 and 1592.
8
Calculate the greatest common divisor of 8064 and 8.
8
Calculate the highest common divisor of 9258 and 30.
6
What is the greatest common divisor of 26 and 52?
26
Calculate the highest common divisor of 88 and 9548.
44
Calculate the greatest common factor of 108 and 3120.
12
Calculate the highest common factor of 9736 and 24.
8
Calculate the greatest common divisor of 195 and 1053.
39
What is the greatest common divisor of 6586 and 74?
74
Calculate the highest common divisor of 266 and 1026.
38
What is the highest common factor of 57 and 57?
57
What is the greatest common divisor of 1253 and 7?
7
Calculate the greatest common divisor of 335 and 201.
67
What is the greatest common factor of 650 and 100?
50
What is the greatest common factor of 153 and 221?
17
Calculate the greatest common divisor of 1054 and 34.
34
What is the greatest common divisor of 90 and 1040?
10
What is the highest common factor of 10302 and 6?
6
Calculate the greatest common factor of 6 and 22.
2
Calculate the highest common divisor of 8 and 548.
4
What is the highest common divisor of 92 and 115?
23
Calculate the highest common divisor of 12396 and 84.
12
Calculate the greatest common divisor of 214 and 16799.
107
Calculate the highest common divisor of 26 and 702.
26
Calculate the highest common factor of 5014 and 92.
46
What is the highest common factor of 374 and 85?
17
What is the highest common divisor of 405 and 495?
45
What is the greatest common factor of 686 and 70?
14
What is the greatest common factor of 108 and 6?
6
What is the highest common divisor of 4 and 368?
4
What is the highest common divisor of 133 and 38?
19
Calculate the highest common divisor of 1 and 27.
1
What is the greatest common factor of 3556 and 56?
28
Calculate the highest common factor of 37 and 518.
37
Calculate the highest common divisor of 26200 and 131.
131
Calculate the greatest common factor of 11 and 22.
11
Calculate the greatest common factor of 147 and 4557.
147
Calculate the greatest common divisor of 120 and 48.
24
Calculate the greatest common divisor of 36 and 64.
4
What is the greatest common factor of 10 and 95?
5
Calculate the greatest common divisor of 116 and 16.
4
What is the greatest common factor of 1221 and 319?
11
What is the highest common factor of 24 and 2408?
8
Calculate the highest common divisor of 9 and 75.
3
What is the greatest common factor of 53523 and 171?
171
Calculate the greatest common divisor of 30 and 750.
30
Calculate the greatest common divisor of 130 and 26.
26
Calculate the highest common factor of 84 and 6860.
28
What is the greatest common divisor of 506 and 22?
22
Calculate the greatest common factor of 13178 and 22.
22
What is the greatest common divisor of 25 and 275?
25
What is the greatest common factor of 306 and 72?
18
What is the highest common factor of 217 and 93?
31
Calculate the greatest common factor of 114 and 2128.
38
What is the highest common divisor of 294 and 539?
49
Calculate the greatest common factor of 26115 and 15.
15
Calculate the greatest common divisor of 11 and 7799.
11
Calculate the greatest common factor of 2565 and 19.
19
What is the highest common factor of 56 and 350?
14
What is the greatest common divisor of 3030 and 750?
30
Calculate the highest common factor of 33 and 297.
33
What is the greatest common divisor of 96 and 66?
6
Calculate the greatest common divisor of 10 and 970.
10
What is the highest common factor of 12 and 44?
4
Calculate the highest common divisor of 78 and 143.
13
What is the greatest common divisor of 611 and 94?
47
What is the greatest common divisor of 270 and 750?
30
What is the highest common divisor of 387 and 243?
9
What is the greatest common divisor of 1188 and 540?
108
What is the highest common divisor of 120 and 135?
15
What is the highest common divisor of 725 and 7105?
145
What is the greatest common factor of 1068 and 12?
12
What is the greatest common divisor of 30 and 20?
10
What is the highest common divisor of 18 and 7698?
6
Calculate the highest common divis